= 4*r**2 - 18*r + 38. Let n be q(3). What is the greatest common divisor of k and n?
10
Let k be (-48)/32*(196/(-6) - 2). Calculate the highest common factor of 13 and k.
13
Let z = -221 + 500. Calculate the greatest common divisor of z and 9.
9
Let f(d) = 188*d - 44. Let g be f(1). Calculate the highest common divisor of 504 and g.
72
Suppose 112*o - 165324 - 13876 = 0. Calculate the greatest common factor of o and 50.
50
Let b be 96 - (10/2 + (16 - 29)). Calculate the highest common divisor of b and 325.
13
Suppose 55*c = 50*c + 2*k + 21756, 0 = 2*c + 3*k - 8710. What is the highest common divisor of 136 and c?
136
Let r = 176 + -118. Suppose 10*h - 562 = r. Calculate the highest common divisor of 31 and h.
31
Suppose 4*b + b - 117 = -d, -5*d + 663 = -b. Suppose 6*g - 3*g - d = 0. Suppose -z + 4 + 7 = 0. What is the greatest common divisor of g and z?
11
Let y be (-5688)/(-30) - -10 - (-2)/5. Calculate the greatest common divisor of y and 240.
40
Let a = 26 + -28. Let l be a*((-37)/2 + -4). What is the greatest common factor of l and 9?
9
Let h(f) = f + 9. Let u be h(-7). Suppose 3*z - 4*x - 26 = 20, -3 = 3*x. Calculate the greatest common divisor of z and u.
2
Let p be 229 + 3*30/18. What is the highest common divisor of 26 and p?
26
Suppose -5*o = 13*i - 17*i - 816, -4*o = -3*i - 652. Calculate the highest common divisor of o and 280.
40
Suppose 3*d = -3*j - 15, -4*j = -3*d - 0 - 15. Suppose 4*u = b + 560, 4*u + j*u = 2*b + 560. What is the greatest common factor of u and 35?
35
Let j = 863 - 857. Let h = 28 - 4. What is the greatest common divisor of j and h?
6
Let t be 237/2 + 1/(-2). Let j be 4/(3 - 11)*(2 - t). Calculate the greatest common divisor of j and 87.
29
Let h(a) = -5*a - 54. Let k be h(-12). Calculate the highest common factor of k and 12.
6
Let x be -8*61/(-2) + 0. Let t = 453 - x. Let z = -134 + t. What is the greatest common divisor of z and 15?
15
Suppose -322 = -2*q - 94. Suppose q - 594 = -4*a. What is the greatest common divisor of 8 and a?
8
Suppose -2*r = -r - 1. Let v be (7 - -7) + 3*3/(-3). What is the greatest common factor of v and r?
1
Suppose -3*y = -3*h + y + 95, h + y - 41 = 0. Let j = 55 - h. Let m be 8 + -9 + (5 - 4)/((-3)/(-138)). What is the greatest common factor of j and m?
9
Suppose 2*g - 2*c = 20 + 38, 2*g = c + 61. Suppose -2*x + 400 = 3*x. Calculate the greatest common divisor of x and g.
16
Suppose -604 - 20 = -3*x. What is the highest common divisor of 13 and x?
13
Let p = 36 - 11. Suppose 0 = -2*s - 3*s + p. Suppose s*r = 3*r + 12. What is the highest common divisor of 12 and r?
6
Let c = 19 + -13. Suppose -t = -c*t + 10. Let m be 3*(26 + -2) - t. What is the highest common divisor of m and 14?
14
Let l = 80 + -51. What is the greatest common divisor of 783 and l?
29
Suppose 0 = 2*f + 4*y - 118, 0 = f + 2*y - 6*y - 53. What is the greatest common factor of f and 741?
57
Let x = 34 - 6. Suppose 3*l + 28 = 4*l. What is the highest common factor of x and l?
28
Let i(m) = 29*m + 4 - 3 + 0. Let h be i(1). Let k = -78 - -84. Calculate the highest common factor of h and k.
6
Let t(n) = 6*n - 14. Let g(c) = c**2 + 5. Let s be g(4). Let l be t(s). What is the highest common factor of l and 16?
16
Let p(n) = n**2 - 66*n + 633. Let t be p(55). What is the greatest common factor of 364 and t?
28
Let a(k) = -k**3 + 16*k**2 - k + 50. Let u be a(15). Calculate the greatest common divisor of 40 and u.
20
Let x be ((-2628)/(-365))/(16/15 + -1). Calculate the highest common divisor of 12 and x.
12
Let h be -12*207/(-27) - (-8)/(-1). What is the highest common factor of h and 756?
84
Let w(q) be the second derivative of 2*q**3/3 + 2*q**2 + 9*q. Let p be w(8). Suppose -552 = -5*d + 708. Calculate the greatest common factor of p and d.
36
Suppose -5*a = -a - 900. Suppose -11 = -2*v + 5*s + 29, 31 = v + 3*s. Calculate the greatest common divisor of v and a.
25
Suppose -4*k - 8 = 0, 2*d + k - 5*k - 74 = 0. Calculate the greatest common divisor of 33 and d.
33
Suppose -n - 37 + 7 = 0. Let u = 21 + n. Let y be (-129)/u - (-2)/(-6). What is the highest common factor of y and 35?
7
Suppose 4*v = 8 + 8. Suppose -16 = 4*w, -v*f = -3*f + w - 24. Calculate the greatest common divisor of 14 and f.
14
Suppose -2*g - 3*a = -44, -g + 44 = 2*g - a. Calculate the highest common factor of g and 2.
2
Let w = 314 + -290. What is the highest common divisor of w and 1?
1
Suppose 5*s = 5*c - 71 + 36, -s = 5. Suppose 1 = -q + 11. What is the greatest common divisor of c and q?
2
Suppose 0 = z - 5*a - 41, 4*z + a - 79 = 64. Let t = -20 - -8. Let w be 28/3 - (-4)/t. Calculate the highest common divisor of w and z.
9
Let y = -44 + -28. Let t be (-16)/y - (-124)/9. Let k = 14 + t. What is the greatest common divisor of k and 7?
7
Suppose -5*t - 10 = 0, -7*j = -2*j + 4*t - 892. Calculate the greatest common divisor of j and 20.
20
Let i(p) = 2*p**3 - 6*p**2 + 22*p. Let t be i(3). What is the highest common divisor of t and 693?
33
Let q be (-8)/(-1) + (-4 - -1 - 0). Suppose q = -2*a + 299. Calculate the greatest common divisor of a and 21.
21
Let w = 617 + -295. What is the greatest common factor of 28 and w?
14
Let o = 1001 + -689. What is the highest common divisor of 416 and o?
104
Let j(f) = f - 70. Let n be j(0). Let b = n - -75. Calculate the highest common divisor of 95 and b.
5
Let v = -37 - -65. Let h be -3 + (-4 + 3 - -4). Suppose -4*d + 2*d + 8 = h. Calculate the greatest common divisor of d and v.
4
Suppose k - 6 = 3*k. Let q be (-4)/k - (-28)/(-21). Suppose -3*t + 5*t - 110 = q. Calculate the greatest common factor of 11 and t.
11
Let v(m) = 0 + 12 - 4*m - 3*m + 12. Let s be v(-8). Calculate the greatest common divisor of 120 and s.
40
Suppose 4*g - 3*v + 2*v = 132, -v + 132 = 4*g. Calculate the greatest common factor of g and 3.
3
Suppose -44 = -3*f + 61. Let u be 44/(-7) - (-10)/f. Let l be (-4)/u - 244/(-12). What is the highest common divisor of 14 and l?
7
Let i = -22 - -1717. Calculate the greatest common factor of 15 and i.
15
Let h(u) = 8*u + 126. Let x be h(7). What is the highest common factor of 104 and x?
26
Let d(u) = u**2 - 11*u - 5. Let i be d(6). Let x = 6 - i. Calculate the greatest common factor of x and 287.
41
Let p(z) = -z**3 - 25*z**2 - 68*z - 29. Let b be p(-22). Calculate the highest common divisor of 390 and b.
15
Let v = 37 - 19. Let b be ((-8)/v)/((-2)/(-3))*-33. Calculate the highest common divisor of 154 and b.
22
Let o = -7411 + 10414. Calculate the highest common factor of 91 and o.
91
Let t(q) = q**3 + q**2 - q + 17. Let d be t(11). Let l be ((-4)/6)/((-36)/d). What is the highest common divisor of 18 and l?
9
Let v be (-6)/8 + 63816/96. Calculate the highest common divisor of v and 83.
83
Let p be (1 + -58)*17/((-187)/99). Calculate the highest common divisor of 54 and p.
27
Let d be ((-16)/1)/(-2) + -1. Suppose 11*s + 60 = d*s. Let y = -12 - s. Calculate the highest common factor of 24 and y.
3
Let z be (7/(-4))/(35/(-140)). Calculate the highest common factor of z and 7.
7
Let v = 28 - 16. Suppose -3*m - 2 = 5*b, -3*b + 2*m = -b - v. What is the highest common divisor of b and 14?
2
Let y(d) = 3*d - 17. Let g be y(6). Let j(v) = v**2 - 3*v + 3. Let b be j(g). Calculate the greatest common divisor of b and 9.
1
Suppose -5*b + 2*k + 182 = 42, 4*k + 140 = 5*b. What is the greatest common divisor of 52 and b?
4
Suppose -3*g = 14 + 4. Let b(a) = -5*a - 2. Let z be b(0). Let m be (-36 - z)/(g/3). What is the highest common factor of 17 and m?
17
Let l = -66 - -161. Let p be -38*(3/(-6) - 0). Calculate the greatest common divisor of p and l.
19
Suppose -48 = -2*i + 48. Suppose 0 = -20*b + 18*b + i. Calculate the highest common factor of b and 96.
24
Suppose -242*c = -244*c + 672. What is the greatest common factor of 40 and c?
8
Let d = -5 + 2. Let u = d - 1. Let b be u/12 + (-8)/(-6). What is the highest common factor of b and 2?
1
Suppose -109 - 305 = -46*i. Calculate the greatest common factor of 228 and i.
3
Let v be (-581)/498 - 277/(-6). Calculate the greatest common factor of v and 3.
3
Suppose 6*b = 4*c + 3*b - 2196, 0 = -5*c - 2*b + 2722. Suppose 36*d - c = 34*d. What is the highest common divisor of d and 21?
21
Let k = -1189 - -1280. Calculate the greatest common divisor of 52 and k.
13
